t o = 245 - 188. Calculate the greatest common divisor of 6 and o.
3
Suppose -6*n + 277 = -155. Let j be (n/45)/((-2)/(-90)). Suppose -2*r = 2*r - 192. What is the highest common factor of r and j?
24
Let g = 690 + -648. Calculate the greatest common factor of g and 182.
14
Let u be (-60)/18*(-36)/(-5). Let o = u - -10. Let j = 21 + o. Calculate the highest common divisor of j and 1.
1
Let l = -13 - -19. Let q(y) = -2*y**3 + 3*y**2 - 3*y - 2. Let o be q(l). Let v = -160 - o. Calculate the highest common divisor of v and 23.
23
Suppose -s + 3 = 2*s. Let k(o) = 15*o**2 + o. Let y be k(s). Let c = 26 - y. What is the greatest common factor of 2 and c?
2
Let w = 49 - 45. Suppose -5*y + 3 = -22. Suppose w*k = -y*m + 72, 0 = -0*m - 2*m - 5*k + 22. Calculate the greatest common factor of m and 32.
16
Suppose 3 - 27 = -2*m. Let n be (1/(-3))/(m/(-36)). Let x be 101 + (n - 0) + 2. Calculate the greatest common divisor of 13 and x.
13
Let y(a) = 16*a**2 + 10*a + 47. Let o be y(-10). Calculate the highest common factor of o and 91.
91
Let o be 189/(-84) + 1074/8. What is the highest common divisor of 1012 and o?
44
Let o = -41 - -69. Let k(t) = -2*t**2 + 9*t - 8. Let y be k(5). Let d = y - -27. What is the highest common factor of o and d?
14
Let v(j) = -j**2 + 8*j + 10. Let m be v(9). Let i be m/(-1) + 10*1. Suppose 4*r + i = 5*r. Calculate the greatest common factor of 3 and r.
3
Let k(y) = 2*y**3 - 4*y**2 + 3. Let x be k(3). Let p = x - -7. Let l(o) = 12*o - 6. Let s be l(4). Calculate the greatest common factor of p and s.
14
Let t = 1962 - 1885. What is the greatest common factor of 231 and t?
77
Let s(o) = 7*o + 37. Let x be s(-15). Let b = -60 - x. What is the highest common divisor of 12 and b?
4
Suppose -w = -0*z + 2*z - 41, -3*z + 59 = w. Calculate the greatest common divisor of z and 8.
2
Let z(n) = n**2 + 38*n - 3. Let m be z(-39). What is the greatest common divisor of m and 891?
9
Let f be 5/15*-3 + 37. Let b(o) = -8*o**3 + o**2. Let a be b(-1). What is the highest common factor of f and a?
9
Let d(h) = -h**3 - 6*h**2 - 3*h - 8. Let r be d(-6). Let c be 4830/(-644)*52/(-3). What is the greatest common factor of c and r?
10
Let c = 4356 + -4340. Let q be 24 - (-1 - -1)/2. Calculate the highest common factor of c and q.
8
Let y be ((-48)/(-16))/(3/4). Suppose -2*k = -y*k + 64. Calculate the greatest common divisor of 4 and k.
4
Suppose -7*h - 21 + 105 = 0. Let n be (-8)/(-2 - 18/(-10)). Let o = n + -28. What is the greatest common divisor of o and h?
12
Let y be -4*-3*(-1)/(-4). Let s be 4 - ((-6)/20 + (-423)/90). What is the greatest common divisor of y and s?
3
Let s(w) = -21 + 19 + 3*w**2 - 31 - 4*w**2 + 17*w. Let h be s(13). What is the highest common divisor of h and 76?
19
Let k(u) = 4*u**2 - 3*u - 15. Suppose 3*c = -6 - 12. Let n be k(c). What is the highest common divisor of n and 21?
21
Let k(u) = 189*u - 392. Let b be k(6). Calculate the greatest common factor of 318 and b.
106
Let d = 15 + -12. Suppose 642 = d*r + 5*a, 2*r = 7*r - 2*a - 1039. Calculate the highest common factor of 19 and r.
19
Suppose 0 = 393*r - 407*r + 1568. What is the highest common factor of 14 and r?
14
Let u be (-12)/4 + (-2)/1. Let y be (48/20)/((-1)/u). Let t(o) = 2*o**3 - 20*o**2 + 19*o - 3. Let g be t(9). What is the highest common divisor of y and g?
6
Let w be (2 + 0)/((-2)/3). Let j = w - -7. Let g = 3 + j. Calculate the greatest common factor of g and 56.
7
Let u(v) = v**2 + 5*v - 2. Suppose 0 = 4*g + 45 - 5. Let j be u(g). What is the greatest common divisor of 144 and j?
48
Let z(n) be the first derivative of n**3 + 7*n**2/2 - 6*n - 52. Let y be z(-4). What is the greatest common factor of 56 and y?
14
Let b(d) = -6*d + 19*d + 8 - 29*d. Let w be b(-4). Let v(j) = -2*j - 4. Let p be v(-6). Calculate the greatest common factor of w and p.
8
Suppose -10 = 5*y, -4*s = -2*y - 12 - 0. Let d be s + -7 - -3 - -1. Let g(l) = -4*l - 2. Let f be g(d). Calculate the highest common factor of f and 16.
2
Let t(l) = -l - 8. Let n be t(-8). Suppose 3*f = -5*o + 18, n = o - 2*o - 2*f + 5. Suppose -68 + 8 = -o*a. Calculate the highest common factor of a and 50.
10
Suppose -3*w - 645 = -o, 3*w - 211 = -o + 422. What is the greatest common divisor of 9 and o?
9
Suppose 18*q + 67 = 463. What is the greatest common divisor of 242 and q?
22
Suppose 2*t + 3*t - 1087 = -4*y, -854 = -4*t + 2*y. Calculate the highest common divisor of 86 and t.
43
Suppose 7*s + 221 - 760 = 0. Calculate the greatest common divisor of s and 49.
7
Let r(y) = -y**3 + 7*y**2 - 12*y + 22. Let u be r(5). Suppose 0*j = -5*j + l + 12, 0 = -3*l + 9. Calculate the highest common divisor of u and j.
3
Let u(r) = 3*r + 30. Suppose -d - 50 = -4*d - 2*x, -2*x - 90 = -4*d. Let b be u(d). Calculate the greatest common divisor of 10 and b.
10
Let j = 114 - 26. What is the highest common divisor of j and 44?
44
Let c = -2429 + 3347. What is the greatest common divisor of 18 and c?
18
Let i(g) = -g - 12. Let a be i(-10). Let c be (-315)/a - 3/(-2). Suppose 2*q - c = l, -l = -q + l + 78. What is the highest common factor of 10 and q?
10
Let n = -26 - -30. Let s be (-11)/(-3) - (-5)/15. What is the greatest common factor of n and s?
4
Suppose -25 = -5*m + 10. Let f(c) = 2*c**2 - 5*c - 9. Let n be f(m). Calculate the greatest common factor of 6 and n.
6
Let t = -14 + 21. Suppose 13*n = -0*n + 637. Calculate the highest common divisor of n and t.
7
Let j(z) = 1. Let u(x) = 4*x - 1. Let f(k) = 5*j(k) + u(k). Let r be f(3). What is the greatest common divisor of r and 12?
4
Suppose 3*r - 9 = 102. Calculate the highest common divisor of r and 629.
37
Suppose 0 = 4*d - 5 - 11. Suppose d*f = -5*j + 190, -2*j + 3*f = -3*j + 27. Calculate the highest common divisor of j and 84.
42
Suppose -5*m - 2*r = -0*m - 414, -r - 255 = -3*m. Calculate the greatest common divisor of m and 364.
28
Let b = 51 + -25. What is the greatest common factor of b and 416?
26
Suppose 4*p = i, -p = i - 4*i + 55. Let h be (10/(-6) - -2)/((-96)/(-5760)). What is the highest common divisor of h and i?
20
Suppose 2*y = u + 2, 6*y + u = y + 19. Let i be 397/y - 3/9. Let p(x) = 6*x - 54. Let f be p(11). What is the highest common factor of i and f?
12
Suppose 4*l + 3 - 9 = 2*h, 6 = 2*l - 2*h. Let z = l - -11. Calculate the highest common divisor of z and 11.
11
Let l be 14/(0 + 1) + 0. Let w = -87 - -37. Let o = w + 52. Calculate the highest common factor of o and l.
2
Suppose -j = 34*g - 39*g + 63, 9 = -3*j. Let y = -26 - -38. What is the highest common divisor of y and g?
12
Let p be ((-60)/35 - -2) + 1230/7. What is the highest common factor of 22 and p?
22
Suppose 3*c + 0*j = -3*j + 183, -2*c + 140 = -4*j. Suppose c*f - 61*f = 234. Calculate the greatest common factor of f and 13.
13
Suppose -2*i - 3*n = -20, 10 = 5*n - 0. What is the highest common divisor of i and 2?
1
Suppose -3*g + 43 = r, -2*g + 57 = -3*r + 10. Let v(m) = m**3 - 39*m**2 + 38*m + 8. Let u be v(38). Calculate the greatest common divisor of u and g.
8
Let g = 5 + 11. Let m = 21 - g. Suppose m*d - 53 = z, -d + 3*d - 3*z = 29. Calculate the greatest common factor of 70 and d.
10
Suppose 59 = 5*s + 3*d, -3*d = -124*s + 120*s + 58. What is the highest common divisor of 559 and s?
13
Let o be 71 + -44 + 6/2. Suppose -2*r + 75 = -r. Calculate the greatest common divisor of o and r.
15
Let d(g) = -10*g + 38. Let k be d(-13). What is the greatest common factor of k and 224?
56
Suppose -68*s + 72*s - 5*k = 91, 3*s - 48 = -3*k. Suppose -22 + 57 = 5*q. Let y be 2/q - (-397)/7. What is the highest common divisor of y and s?
19
Let v(x) = -x - 3. Let d be v(-5). Let y = 4 - d. Suppose 4*g = c + 44 + 41, 0 = 3*c - 9. Calculate the highest common factor of g and y.
2
Let a(u) = 4*u - 60. Let q be a(16). Suppose 6*f - 112 = q*f. What is the highest common factor of 32 and f?
8
Let d be (144/(-10))/(5/(-50)). Suppose -2*u + 16*u = -0*u + 224. Calculate the highest common divisor of u and d.
16
Let g(k) = -38*k - 154. Let c be g(-7). What is the highest common divisor of c and 168?
56
Let c(f) be the first derivative of f**4/2 + 2*f**3/3 + f - 2. Suppose -2*d = -3*d + 2. Let l be c(d). Calculate the highest common divisor of 125 and l.
25
Let a(b) = 14*b + 12*b - 15*b - b**2 + 0*b**2 + 17. Le